(a) - 4*z(a). Calculate n(m).
3
Let u be 14/3 + (-10)/(-30). Suppose -5*i - 2*y = -u*y, 5*y = 5*i. Let d(k) = -2*k + 3*k + i*k - 3. Calculate d(6).
3
Let s be -4 - (-1 + (3 - 3)). Let j(g) be the first derivative of -g**4/4 - g**3/3 + g**2/2 - 2*g + 22. Determine j(s).
13
Let v(y) = 2*y - 3. Suppose -6*n - 7 = -31. Suppose -14 = 3*m + 5*c, -24 = -9*m + 5*m + n*c. Calculate v(m).
1
Suppose 3*d - 12 - 3 = 0. Let y(a) = 7 + a - d*a + 39*a**2 - 38*a**2 - 3*a. Calculate y(5).
-3
Let j(t) = t**3 + 4*t**2 + 3*t - 3. Let k = 26 - 13. Suppose -14*d - 4 = -k*d. Determine j(d).
-15
Let z(t) be the third derivative of -t**6/120 + t**5/15 + 7*t**4/12 - 3*t**3/2 - 163*t**2. Determine z(6).
3
Let k be (-5229)/830 - 3/(-10). Let h(c) = -c**3 - 7*c**2 - c - 8. What is h(k)?
-38
Suppose -4*y + q + 40 = 0, 6*q = -5*y + q + 75. Let n(j) = y + j - 8 + 0*j - 6. Give n(6).
3
Suppose -9*g - 25 = 20. Let b(y) = 8*y + 10. Let d(u) = -9*u - 11. Let x(s) = g*b(s) - 4*d(s). Give x(-7).
22
Suppose -46 = -108*p + 85*p. Let n(y) = -y**2 - 3 + 5*y + 5*y - 6*y. Determine n(p).
1
Suppose 2*f - 8 = -4. Suppose -4*n - 1 = f*l - 3*l, -l = -3*n. Let y(q) = 13*q. Give y(n).
-13
Let h = 4 - 7. Let j(z) = -3*z**2 - 4*z + 5. Let i(g) = -8*g**2 - 10*g + 14. Let x(b) = -4*i(b) + 11*j(b). What is x(h)?
2
Suppose 9*d - d = 16. Suppose 4*t = -d*t - 42. Let f(k) = k**2 + 5*k - 8. Calculate f(t).
6
Let p be 178/6 - (-1)/3. Suppose 4*a = -a - p. Let m(s) be the first derivative of s**3/3 + 3*s**2/2 - 5*s + 1. Determine m(a).
13
Suppose 0 = 5*p - 38 + 18. Let i(k) = 22*k - 1 + k**2 + p - 19*k. Determine i(-4).
7
Let t(x) = x**2 + 8*x + 9. Let v(p) = -2*p + 4. Let w be v(-3). Let k(l) be the first derivative of -3*l**2/2 + 23*l - 4. Let i be k(w). Determine t(i).
2
Let o(x) = -2 + 9 + 2 + x. Let v(u) = -2*u - 8. Let g(k) = -5*o(k) - 6*v(k). What is g(-2)?
-11
Let o(f) = 29*f + 20. Let a(c) be the third derivative of -5*c**4/12 - 7*c**3/6 - 7*c**2. Let z(j) = -17*a(j) - 6*o(j). Give z(1).
-5
Suppose 4*p - a + 34 = -0*a, 24 = -4*p - 4*a. Let h(v) = -v - 4. Let c(t) = 2*t + 11. Let w(r) = p*h(r) - 3*c(r). What is w(-6)?
-13
Let x(f) = -4 - 47*f + 3 + 46*f. Calculate x(6).
-7
Let t(f) = -4*f**2 + 8*f - 6. Let n be t(0). Let d(l) = l**2 - 13. Determine d(n).
23
Let z be 150/18 + 3 + 1/(-3). Let d(c) = c**2 - 10*c + 9. Calculate d(z).
20
Let x(v) = 5*v - 2. Let z(s) = -2*s. Let g(h) = -2*x(h) - 6*z(h). Calculate g(9).
22
Let x(s) = s - 8. Let v be x(14). Let w(o) = -5*o**3 + o**2 + 6*o + 3. Let d(r) = 6*r**3 - 6*r - 2. Let f(t) = v*d(t) + 7*w(t). What is f(-6)?
9
Let v(r) = 7*r - 27. Let m be v(13). Suppose 7*n + m - 15 = 0. Let q be 2*1*(-6 - n). Let x(u) = u. Give x(q).
2
Let r(c) = -c + 14. Suppose -3*m - 70 = 5*p, -4*m + p - 22 - 56 = 0. Let y be ((-6)/(-2))/(m/(-8) - 2). Calculate r(y).
8
Let r(z) = -z - 32324*z**2 + 2*z - 4*z**3 + 2 + 32322*z**2. Determine r(-2).
24
Let p(j) = j**2 + 7*j - 7. Let m(f) = f**3 - 13*f**2 - 15*f + 14. Let s be m(14). Let x be (s + 1)*-6 + -1. What is p(x)?
-7
Let r(t) be the first derivative of -t**3/3 + t**2/2 - t - 10. Let f(s) = -16*s**2 + 3*s - 2. Let g(y) = -f(y) + 3*r(y). What is g(-1)?
12
Let o = -15 - -12. Let r be (2 - 1)/(o/(-21)). Let z(w) = w**3 + 2*w - 2*w - 7*w**2 + w. Give z(r).
7
Let c = -1 - -6. Let i(l) = -777 + 1599 - l - 815. Determine i(c).
2
Let n(t) = -3*t**2 - 3*t - 1. Let i(c) = 2*c + 2. Let p = -7 - -5. Let w be i(p). Calculate n(w).
-7
Suppose 2*r = -4*n - 66, -r = 2*n - 4*n - 31. Let c(w) = w**2 + 15*w - 9. Give c(n).
7
Let w = -50 - -56. Let l(d) = -2*d + 1. Give l(w).
-11
Let c(u) = 11*u**2 + 5*u - u**3 + 0*u**3 - 7*u**2 - 7. Give c(5).
-7
Let p(b) be the first derivative of b**4/4 + 7*b**3/3 - 7*b + 40. Determine p(-7).
-7
Let r(d) be the second derivative of -d**3/3 - 2*d**2 + 2*d + 51. Give r(-4).
4
Let o be (-1*12/12)/((-2)/(-6)). Let s(r) = r + 6. Calculate s(o).
3
Let b be 5*(6/10 - 0). Let t(k) = 9*k + k**2 - 2 + 0 + b + 3. What is t(-4)?
-16
Let w(p) = -p**2 - p + 1. Let l(t) = 7*t**2 + t - 4. Let z(d) = -l(d) - 5*w(d). Let n = 5 - 2. Let g = 0 + n. Give z(g).
-7
Let m = -1008 + 1010. Suppose 5*o + 1 = 11. Let p(u) = 1 + u - 2*u**m + u**2 - o*u**2. Determine p(2).
-9
Let p = 10/113 - -83/339. Let u(l) be the first derivative of p*l**3 - 4 + l**2 + 3*l. What is u(-3)?
6
Suppose -11*q = -7*q + 728. Let o be 2/10 + q/35. Let a(w) = 7*w**2 + 7*w + 13. Let x(n) = 4*n**2 + 3*n + 7. Let b(v) = 3*a(v) - 5*x(v). What is b(o)?
-1
Let z(f) = 2*f + 1. Let u(x) = x**2 + 8*x + 3. Let k(n) = -2*u(n) + 9*z(n). Suppose -15 = -5*d - 3*m, m + 0 + 6 = 2*d. Give k(d).
-9
Let g(b) = b**2 - 3*b - 4. Suppose u = 9 + 51. Let w = -57 + u. Calculate g(w).
-4
Let q(c) be the second derivative of -c**3/6 - 5*c**2/2 + 9*c + 3. Give q(0).
-5
Let g(x) = -4*x**3 + 5*x**2 + 22*x - 9. Let d(i) = i**3 - i**2 - 5*i + 2. Let h(f) = -9*d(f) - 2*g(f). Calculate h(1).
-1
Let m(t) = 2*t**2 + 3*t + 4. Let s(a) = -2*a**2 - 2*a - 4. Let q(r) = 3*m(r) + 2*s(r). Determine q(-4).
16
Let u(y) be the second derivative of -y**7/840 + y**6/72 - 7*y**5/120 + 5*y**4/24 - 11*y**3/6 - 5*y. Let p(l) be the second derivative of u(l). Determine p(4).
-7
Let y(r) = -r**2 - 16*r + 29. Let a(v) = v**2 - 40*v + 186. Let q be a(6). Calculate y(q).
-7
Let o(h) = -h - 7. Let w(g) = -54*g - 24. Let s be w(-9). Let m be 3/(-5) + s/(-105). What is o(m)?
-2
Let c(n) = n**2 + 9*n - 3. Suppose 99 = 4*b - 3*k, b + 2*b - k - 68 = 0. Let w = 23 - b. Let t(o) = o**2 + o. Let m(s) = w*t(s) - c(s). Calculate m(6).
-3
Let c(a) = a**2 + 11*a + 7. Let n be c(-9). Suppose -3*b - 11 = 10. Let q = n - b. Let w(t) = -2*t + 5. Determine w(q).
13
Let d(x) = 3*x + 1. Let i(k) = -4*k. Let j(r) = 6*d(r) + 5*i(r). Let n be j(4). Let z(v) = -2*v**3 + 0*v + 3*v**2 + 3*v**3 - 2*v - 2. Calculate z(n).
6
Let z(d) = -d**3 + 6*d + 7. Let c(o) = -o**2 + 1. Let l(j) = -5*c(j) + z(j). Let p be l(6). Let w(m) = 3*m**p + 3*m - 2*m**2 - 25 + 19. Determine w(-5).
4
Let i(a) = -3*a - 6. Suppose -5*s + 2*s = 3*y, -y = 5*s. Suppose y = -4*h - h - 20. Calculate i(h).
6
Let h(w) = w**2 - 7*w - 69. Let r be h(-5). Let a(z) = z**2 + 11*z - 10. Determine a(r).
-28
Let n(f) = -f**2 + 7*f + 23. Let y = -4 - -14. Let q be n(y). Let m(b) = b + 7. Determine m(q).
0
Let u(k) = k**3 - 2*k**2 + k + 3. Let v = -378 - -381. Determine u(v).
15
Let f(a) = 3*a - 21. Let p(d) = d - 10. Suppose 0 = 3*k + n + 6, 0 + 2 = -k + 5*n. Let c(l) = k*f(l) + 5*p(l). Calculate c(-9).
1
Suppose 0 = 2*n + 4*b, -4*b + 8*b = 4*n - 12. Let u(h) = 9*h - h**n + 4 + 1 - 4*h - 3. Determine u(4).
6
Let c(r) = -615*r + 1241*r - 607*r. What is c(-1)?
-19
Let c(g) = -4*g - 3. Let h(u) = -8*u - 7. Let d(k) = -13*c(k) + 6*h(k). Suppose 0 = 2*r + 5*p - 2, 4*r + 8*p + 6 = 3*p. Let v = r - -8. Give d(v).
13
Let l(t) be the third derivative of -t**6/120 - t**5/12 + 7*t**4/24 + 5*t**3/6 - t**2. Let p = 153 - 159. Calculate l(p).
-1
Let a(w) be the second derivative of w**4/12 + 11*w**3/6 - 3*w**2 - 100*w - 2. Give a(-11).
-6
Let r(f) = -f**3 - 5*f**2 + 8*f + 18. Let p = 708 + -714. Determine r(p).
6
Let b(m) be the third derivative of 16*m**2 - 7/6*m**3 + 0*m + 1/24*m**4 + 0. Suppose -2*r = -0*r. Give b(r).
-7
Let k(n) be the second derivative of n**3/3 + 5*n**2 - 12*n + 2. Calculate k(-11).
-12
Let s be 2/(-4)*(-4 - 0). Let k(m) = -7 - 4*m + 5 - 1 + m**s. Let i = -3 - -1. What is k(i)?
9
Suppose -9*n - 4 = -11*n. Suppose n*t - 9 = -15. Let w(c) = 4*c - 13*c + 5*c - 4 + c. Calculate w(t).
5
Suppose -2*g - 18 = g. Let n(a) = -a**3 - 6*a**2 + 2*a + 5. Calculate n(g).
-7
Let p(g) be the first derivative of g**4/4 - 10*g**3/3 - 4*g**2 - 5*g + 337. Calculate p(11).
28
Let y(t) be the third derivative of -t**6/120 + t**5/15 + t**4/4 - 7*t**3/6 - t**2 + 18. Determine y(5).
-2
Let b be (0 - 1)*(-44)/4. Let g = 3 - b. Let y(z) = 4*z + z**2 + 12 + 8*z - 4*z - 13. Give y(g).
-1
Let c(t) be the third derivative of -7/6*t**3 + 1/24*t**4 - t + 0 + 3*t**2. Give c(9).
2
Let t(q) = 0 - 6*q**2 - 6*q + q**3 - 1 - 5. Suppose -20*l + 14*l + 78 = 0. Suppose 5*w + 9 = 2*n, -w - l + 42 = 4*n. Calculate t(n).
1
Suppose 27*z - 23*z - 8 = 0. Suppose 4*p + 3 = -3*o, -4*o + 12 = -2*o - z*p. Let c(b) = -b**3 + 3*b**2 + 4*b - 4. Calculate c(o).
8
Let q(b) = -11*b - 4. Let n(f) = -2*f - 1. Let c(s) = 20*n(s) - 